{"id":50,"date":"2019-02-10T11:09:17","date_gmt":"2019-02-10T09:09:17","guid":{"rendered":"http:\/\/de.business2code.com\/?page_id=50"},"modified":"2021-04-15T13:42:46","modified_gmt":"2021-04-15T11:42:46","slug":"impressum","status":"publish","type":"page","link":"http:\/\/de.business2code.com\/?page_id=50","title":{"rendered":"Impressum"},"content":{"rendered":"<p>IMPRESSUM<\/p>\n<p>business2code GmbH<br \/>\nGartenstra\u00dfe 7<br \/>\n98617 Meiningen<br \/>\nGesch\u00e4ftsf\u00fchrer: Dr. Holger Strau\u00df<br \/>\nTelefon: 03693 5485291<br \/>\nE-Mail: strauss@business2code.com<br \/>\nInternet: www.business2code.com<br \/>\nHandelsregister: Jena<br \/>\nRegisternummer: HRB 518123<\/p>\n<p>Umsatzsteuer-Identifikationsnummer gem\u00e4\u00df \u00a7 27a Umsatzsteuergesetz (UStG): DE815805834<\/p>\n","protected":false},"excerpt":{"rendered":"<p>IMPRESSUM business2code GmbH Gartenstra\u00dfe 7 98617 Meiningen Gesch\u00e4ftsf\u00fchrer: Dr. Holger Strau\u00df Telefon: 03693 5485291 E-Mail: strauss@business2code.com Internet: www.business2code.com Handelsregister: Jena Registernummer: HRB 518123 Umsatzsteuer-Identifikationsnummer gem\u00e4\u00df \u00a7<span class=\"excerpt-hellip\"> [\u2026]<\/span><\/p>\n","protected":false},"author":1,"featured_media":0,"parent":0,"menu_order":0,"comment_status":"closed","ping_status":"closed","template":"","meta":[],"_links":{"self":[{"href":"http:\/\/de.business2code.com\/index.php?rest_route=\/wp\/v2\/pages\/50"}],"collection":[{"href":"http:\/\/de.business2code.com\/index.php?rest_route=\/wp\/v2\/pages"}],"about":[{"href":"http:\/\/de.business2code.com\/index.php?rest_route=\/wp\/v2\/types\/page"}],"author":[{"embeddable":true,"href":"http:\/\/de.business2code.com\/index.php?rest_route=\/wp\/v2\/users\/1"}],"replies":[{"embeddable":true,"href":"http:\/\/de.business2code.com\/index.php?rest_route=%2Fwp%2Fv2%2Fcomments&post=50"}],"version-history":[{"count":6,"href":"http:\/\/de.business2code.com\/index.php?rest_route=\/wp\/v2\/pages\/50\/revisions"}],"predecessor-version":[{"id":88,"href":"http:\/\/de.business2code.com\/index.php?rest_route=\/wp\/v2\/pages\/50\/revisions\/88"}],"wp:attachment":[{"href":"http:\/\/de.business2code.com\/index.php?rest_route=%2Fwp%2Fv2%2Fmedia&parent=50"}],"curies":[{"name":"wp","href":"https:\/\/api.w.org\/{rel}","templated":true}]}}